263 a prime number?
False
Is 3927038459 a composite number?
False
Is 11613593177 a composite number?
True
Is 527707903 prime?
True
Is 312890581 a prime number?
True
Is 17415218621 composite?
False
Is 1121090597 prime?
False
Is 2248178909 a composite number?
False
Is 2263589683 prime?
True
Is 471929707 prime?
False
Is 1231046573 a prime number?
False
Is 6524707181 composite?
True
Is 14939999189 a composite number?
False
Is 113823497 composite?
True
Is 40347945611 prime?
True
Is 14838245197 a prime number?
True
Is 39260999 prime?
True
Is 1188739349 composite?
True
Is 663519697 a prime number?
False
Is 17559190079 prime?
False
Is 56188159067 composite?
False
Is 152320451 a composite number?
True
Is 19210945231 a composite number?
False
Is 26615732239 a prime number?
False
Is 52345175749 a composite number?
False
Is 156305779 a composite number?
True
Is 67832296667 prime?
True
Is 3193022441 composite?
True
Is 968552443 a prime number?
True
Is 1686886027 composite?
False
Is 10865283929 composite?
False
Is 26874427641 prime?
False
Is 671678285 a prime number?
False
Is 2796329563 prime?
True
Is 290517389 a composite number?
True
Is 2088406351 a composite number?
False
Is 774591941 composite?
True
Is 5150600099 a prime number?
True
Is 53137153229 prime?
True
Is 137768271 a prime number?
False
Is 19961043761 a prime number?
False
Is 415780907 composite?
False
Is 373676861 prime?
False
Is 143749342559 composite?
False
Is 4607757047 prime?
False
Is 414489037 composite?
False
Is 509378437 a prime number?
True
Is 730982333 composite?
True
Is 37853461691 a prime number?
True
Is 1542603983 a prime number?
True
Is 1014432359 composite?
False
Is 6413743771 composite?
True
Is 88335683 composite?
True
Is 2064090451 a composite number?
True
Is 9875349859 a composite number?
False
Is 23690996327 prime?
False
Is 485582329 composite?
False
Is 2868726043 a prime number?
True
Is 1647985531 a prime number?
True
Is 1186915531 composite?
True
Is 1067160511 prime?
False
Is 4887023461 composite?
True
Is 117359647 prime?
True
Is 411351181 a composite number?
False
Is 18370573799 a prime number?
True
Is 16474263343 a composite number?
True
Is 16362141559 a prime number?
True
Is 9716095241 a prime number?
True
Is 66913415 a prime number?
False
Is 11816011963 a prime number?
False
Is 7334724113 composite?
True
Is 16996617021 prime?
False
Is 53414427707 a composite number?
False
Is 727283399 prime?
False
Is 69529199291 a prime number?
True
Is 1461953033 composite?
False
Is 23763083597 a prime number?
False
Is 24262186609 a composite number?
True
Is 36038260637 a composite number?
True
Is 9410766163 composite?
False
Is 4025450173 prime?
True
Is 258079577 a composite number?
True
Is 1389754903 prime?
True
Is 1912472297 a composite number?
False
Is 143390267 composite?
True
Is 317151823 composite?
False
Is 594493811 composite?
True
Is 320513027 a composite number?
True
Is 14189483443 a prime number?
True
Is 4895684491 a composite number?
False
Is 777714713 composite?
False
Is 11773309433 a prime number?
False
Is 30436552043 composite?
True
Is 85620703253 a composite number?
False
Is 139674095903 a prime number?
True
Is 40237916813 composite?
True
Is 304003727 a prime number?
True
Is 85636797479 a prime number?
True
Is 7484807831 a prime number?
True
Is 216294623 composite?
True
Is 1302358847 composite?
True
Is 2438340389 a composite number?
True
Is 4332245851 a prime number?
False
Is 1244251843 composite?
False
Is 6493957331 composite?
True
Is 19716633731 composite?
False
Is 408512623 composite?
True
Is 22499735729 a prime number?
True
Is 883954811 a composite number?
False
Is 1406156393 a prime number?
False
Is 417870244223 composite?
False
Is 8123038237 composite?
True
Is 122571655873 a prime number?
False
Is 7500567883 a composite number?
False
Is 60864318563 prime?
False
Is 16769719 a composite number?
False
Is 58603789 prime?
False
Is 1134286823 a composite number?
False
Is 369571201 composite?
False
Is 128275982591 a prime number?
True
Is 113687263939 prime?
False
Is 53993236103 a prime number?
True
Is 1238915677 a composite number?
True
Is 587399353 a prime number?
True
Is 2413576051 prime?
False
Is 2595889889 a composite number?
True
Is 628001831 a composite number?
False
Is 3184943351 composite?
False
Is 1336508729 a prime number?
True
Is 747557957 a prime number?
True
Is 615766711 a composite number?
True
Is 82190130343 composite?
True
Is 129703351391 prime?
False
Is 15109700489 a composite number?
True
Is 64553591 composite?
True
Is 1701136735 prime?
False
Is 23318664133 a prime number?
True
Is 18541690757 a composite number?
True
Is 2558698511 a prime number?
True
Is 15763523551 a composite number?
True
Is 2677655509 a composite number?
False
Is 10315563311 prime?
False
Is 523040849 composite?
False
Is 1125570539 a composite number?
True
Is 1825928491 prime?
True
Is 5591243767 composite?
True
Is 2394103807 composite?
True
Is 13785914951 prime?
True
Is 308678509 prime?
True
Is 1165791376367 prime?
True
Is 24402873851 a composite number?
True
Is 4509408901 composite?
True
Is 5179916503 a prime number?
False
Is 54386159 a composite number?
False
Is 4954339477 composite?
False
Is 20321516599 a prime number?
True
Is 2392370501 a prime number?
False
Is 3267010027 composite?
False
Is 41014828859 prime?
True
Is 584682779 a composite number?
True
Is 15306199049 composite?
False
Is 5438388113 composite?
False
Is 90409057 a composite number?
True
Is 5226996353 composite?
True
Is 72041649847 prime?
True
Is 1892421977 composite?
False
Is 235474067 a prime number?
True
Is 2482080631 a composite number?
True
Is 32082506359 a composite number?
False
Is 7165593749 composite?
True
Is 146091163 prime?
False
Is 507085223 a prime number?
True
Is 4823563651 a prime number?
False
Is 240200353 prime?
False
Is 137754791637 a composite number?
True
Is 2157079069 a prime number?
True
Is 1620988067 composite?
False
Is 1943247599 prime?
True
Is 17403504142 a composite number?
True
Is 8373533543 composite?
True
Is 78423255397 prime?
False
Is 552814469 a prime number?
True
Is 8628974789 prime?
True
Is 77490387979 a composite number?
True
Is 3258419653 a composite number?
False
Is 11744175647 composite?
False
Is 48336859037 a prime number?
False
Is 12355449211 prime?
False
Is 236532683641 composite?
True
Is 17142607 prime?
False
Is 5005736053 a prime number?
True
Is 11147264081 composite?
False
Is 1962637847 a composite number?
False
Is 2720856197 composite?
True
Is 10084747019 prime?
True
Is 1382600411 prime?
False
Is 6504585973 a composite number?
True
Is 716204063 a composite number?
True
Is 48911151199 composite?
True
Is 19637238193 composite?
True
Is 360058009 a prime number?
False
Is 30770071139 a composite number?
False
Is 10742369614 prime?
False
Is 140157290437 a composite number?
False
Is 298957163 a composite number?
False
Is 346883651 a prime number?
True
Is 6088606837 a composite number?
False
Is 28605163463 a prime number?
False
Is 149158769 a prime number?
True
Is 12008474131 prime?
False
Is 3071735437 composite?
False
Is 5810733283 composite?
False
Is 127698065185 prime?
False
Is 713403991 prime?
False
Is 386168729 a composite number?
False
Is 4829742254 composite?
True
Is 1254434023 composite?
True
Is 339786983 a composite number?
True
Is 3417564967 a composite number?
True
Is 564160495 composite?
True
Is 2389683337 prime?
True
Is 331956101 prime?
False
Is 989943971 a prime number?
False
Is 14969589815 prime?
False
Is 525865699 composite?
False
Is 1123249457 prime?
False
Is 47825198867 composite?
False
Is 71385638015 composite?
True
Is 3381815 composite?
True
Is 3855771691 composite?
False
Is 3787944197 a prime number?
True
Is 915784673 prime?
False
Is 9201169217 composite?
True
Is 74618387 prime?
False
Is 7918846757 a prime number?
False
Is 125252910961 a composite number?
False
Is 25865405681 composite?
True
Is 6179463239 a prime number?
False
Is 711138277 a prime number?
True
Is 144949955989 prime?
True
Is 9618525967 composite?
False
Is 13195906199 prime?
False
Is 241064469609 prime?
False
Is 22741917619 composite?
False
Is 5654670379 composite?
True
Is 29213660543 a prime number?
True
Is 93087287 prime?
True
Is 1116679409 prime?
False
Is 278373041 a prime number?
False
Is 20